/(-12) + 33/9. Let k(o) = 5*o**2 + o - 3. Suppose 5*r + 34 = -2*u + 102, -2*r + 20 = -u. Calculate the remainder when k(f) is divided by r.
9
Calculate the remainder when 1282 is divided by (-18)/1386*-11 - 8838/(-21).
19
Let f(d) = -28*d**3 - d**2. Let t be 2/(-4) - 12/24. Let v be f(t). Let w = 38 - v. Calculate the remainder when 32 is divided by w.
10
Let w be (-10*105)/6*(-12)/14. Suppose 5*z + 3*d - 253 = 136, 0 = 2*z + 4*d - w. Calculate the remainder when z is divided by 40.
39
Let y = -43 + 42. Calculate the remainder when 33 is divided by y - 6/(-3) - (-4 + -1).
3
Suppose 11*b = 62 - 73. Suppose 2*u + u + 4*n - 130 = 0, -4*u + 174 = 5*n. What is the remainder when u is divided by b - (2/(-8) + 790/(-40))?
8
Let i = 200 + -192. What is the remainder when (-8 - (-104)/i) + 3 is divided by 8/3 + (-2)/3?
0
Let t = 3 - -14. Let u(m) = -m**2 + 18*m - 23. Let l be u(t). Let o = l + 18. Calculate the remainder when 42 is divided by o.
6
Let a = -1053 + 1101. Calculate the remainder when 174 is divided by a.
30
Let y = -47 - -54. Suppose -12*s - y*s + 608 = 0. Calculate the remainder when 70 is divided by s.
6
Let r(l) = l**3 - 7*l**2 - 11*l + 5. Let p be r(6). Let h be (-1335)/(-9) - (-7)/(-21). Let d = h + p. What is the remainder when 201 is divided by d?
48
What is the remainder when 374 is divided by 6/(11687/832 - 14)?
118
Suppose -5*v - 5 = 26*z - 31*z, -5*v + 15 = -z. Let w be 3225/(-50)*(-8)/6. Let b = w + -84. Calculate the remainder when v is divided by b.
0
Let l(a) = -5*a**2 - 635*a - 480. Calculate the remainder when l(-125) is divided by 311.
148
Suppose -3*x + 0*x = -g + 638, -4*g = -4*x - 864. Let t be x + (7 + -4)*(-2)/(-6). What is the remainder when 47 is divided by ((t/(-9))/(-5))/(4/(-6))?
5
Suppose 832*l - 36666 = 769*l. What is the remainder when l is divided by 97?
0
Let n(i) = -i - 6. Let u be 1209/(-26)*2/1. Let c = 80 + u. What is the remainder when 81 is divided by n(c)?
4
Let n be 1/(-8) + 195/24. Suppose n*v + 11 = 9*v. What is the remainder when (-1032)/(-20) + (-2)/(-5) is divided by v?
8
Let v be 18/24 - (-338)/8. Let l(f) = f**2 - 41*f - 34. What is the remainder when l(v) is divided by 11?
8
Suppose 4*a = -4*k + 16, 2*a + k - 5 = -0*k. Let j be (-1)/a + 18/(-12)*-12. Suppose j*s + 71 - 292 = 0. What is the remainder when s is divided by 9?
4
Suppose -6*b - 15*b + 2119 = -8*b. What is the remainder when 3583 is divided by b?
160
Let n(j) = -4*j**2 - 7*j - 1. Let o be n(-3). Let r = o + 17. Suppose 0 = z - 3 - r, 0 = -4*a + 2*z + 192. What is the remainder when a is divided by 26?
24
Let f(u) = 71 + 13*u**2 - 3*u - 125*u**3 - 12*u - 2*u**2 + 124*u**3. Calculate the remainder when f(7) is divided by 36.
18
Let s = 430 - 309. Suppose k - s = -9*x + 10*x, 4*x - 508 = -4*k. Calculate the remainder when k is divided by 6.
4
Suppose 1957*l - 4831 = 1936*l + 4976. Calculate the remainder when 1411 is divided by l.
10
Let g = -436 + -53. What is the remainder when g/(-6) + -9 + 15/(-6) is divided by 9?
7
Let f = -10430 - -10433. What is the remainder when 30 is divided by f?
0
Let y(i) = 238*i + 748. What is the remainder when 233 is divided by y(-3)?
29
Let p(v) = v**2 - 6*v - 7. Let r(x) = -x**3 + 5*x**2 - 9*x + 133. Calculate the remainder when p(-12) is divided by r(6).
37
Let x(r) = -3*r**3 - 3*r**2 - r - 7. Let v = 127 + -117. What is the remainder when x(-3) is divided by (v - 9)/((-3)/(-51))?
16
Suppose -19*m + 18917 = 5522. What is the remainder when m is divided by 665?
40
Let g(u) = 6*u**3 + 10*u**2 - u - 9. Calculate the remainder when 1423 is divided by g(1).
1
What is the remainder when 107 is divided by ((-18)/(-33))/(-3) + 2*(-598)/(-44)?
26
Suppose -255*r + 5148 = -261*r. Let v = r + 935. What is the remainder when 153 is divided by v?
76
Let g = 297 + -531. Let z = g - -239. What is the remainder when 25 is divided by z?
0
Let h be (2 - 0)*4*5/20. Suppose -74 = 5*n - 6*n - 2*x, 5*x = -h*n + 144. Suppose -107 = -9*i + n. Calculate the remainder when 102 is divided by i.
18
Suppose 3*g - 2*g = -4*j + 315, -4*j = 5*g - 311. Let m = 8 + -12. What is the remainder when j is divided by m/10 + (-1248)/(-120)?
9
Let n be (8/(-20))/((12/(-4880))/(-3)). Let a = -447 - n. Calculate the remainder when 78 is divided by a.
37
Let g = 108 - 98. Let r = g - 15. Let j(h) = -h**3 + 6*h + 2. What is the remainder when j(r) is divided by 33?
31
Let l(w) = 39*w**2 + 2379*w - 103. What is the remainder when l(-68) is divided by 34?
33
Suppose -r = -2 - 16. Suppose 0 = -5*f + 3*s + 202, 118 = 3*f - 5*s - 0. Suppose -40 = -f*q + 37*q. Calculate the remainder when r is divided by q.
8
Suppose 4*a = 5*k - 137, 2*k = -3*k - 4*a + 113. Let q(x) = -2*x + 53. Let p be q(k). Suppose 175 + 83 = p*c. What is the remainder when c is divided by 24?
14
Let f(u) = 6*u**3 - 3*u**2 + 3*u. Let n be f(2). Let z(d) = d + 23. Let a be z(-7). Suppose -r = -n - a. Calculate the remainder when r is divided by 15.
13
Let m = 351 - -8. Let r = -340 + m. Let b = 30 + 26. What is the remainder when b is divided by r?
18
Suppose 68*w - 69*w - 5*c = -33, -4*c = 5*w - 144. What is the remainder when 51 is divided by w?
23
Suppose u - 4*h + 19 = 0, -41*u - 12 = -43*u - 2*h. Let r = 11 - 6. What is the remainder when r is divided by u?
0
Let u(m) = -m**3 - 15*m**2 + 15*m + 1. Let n be u(-16). Suppose 3*z + 11 = y, 2*y - 4*y + z = -n. Calculate the remainder when -3 + 2/(y/44) is divided by 5.
3
Let o be (422/6)/1 + (-46)/(-69). Suppose -o*p = -83*p + 2760. Calculate the remainder when p is divided by 21.
20
Suppose 46*c - 42*c = -36. Let w = c - -10. Calculate the remainder when 5 is divided by (-4 + 30/5)/w.
1
Suppose 0 = 29*q - 2085 + 1795. Suppose 0*p = -2*p + 110. What is the remainder when p is divided by q?
5
Let k = -4319 + 4802. Calculate the remainder when k is divided by 8.
3
Let r(q) = 334*q + 340. Let b be (-12)/(-54) - 176/(-18). Suppose -b + 78 = 2*j. What is the remainder when j is divided by r(-1)?
4
What is the remainder when 3/1 + (327 - -36) is divided by 136?
94
Let w = -14494 + 14817. Calculate the remainder when w is divided by 102.
17
Suppose 1102*r - 784*r = 8268. Let u(h) = 11*h**2 - 3*h - 2. Calculate the remainder when u(-2) is divided by r.
22
Calculate the remainder when 1152 is divided by 1314/12*(-72)/(-108).
57
Suppose 5 = -2*s + 25. Let l = -156 - -181. Suppose 0 = -8*q + l + 191. What is the remainder when q is divided by s?
7
Suppose -459 = -3*y + a, -10*y + 296 = -8*y - 4*a. What is the remainder when 512 is divided by y?
50
Let j(i) be the second derivative of i**3/3 - 17*i**2/2 + 3*i + 21. Calculate the remainder when j(23) is divided by 11.
7
Let g(k) = 16*k - 29*k + 22*k + k**3 - 6*k**2 - 49. Calculate the remainder when 127 is divided by g(6).
2
Let o(k) = -3*k - 93. Let s be o(-32). Suppose -s*q = -2*v - 118 - 204, 5*q - 3*v = 535. What is the remainder when q is divided by 21?
20
Let s(l) = 123*l + 106. Let w be s(-3). Let c = w + 353. Calculate the remainder when 445 is divided by c.
85
Let q(z) = z**2 + 6*z - 28. Let m(d) = -4*d**2 - 21*d - 37. Let g be m(-2). What is the remainder when 157 is divided by q(g)?
22
Suppose 6*x - 1096 = -2*a + 2*x, -5*x + 2750 = 5*a. Let v = 625 - a. What is the remainder when v is divided by 38?
35
What is the remainder when 10046 is divided by (-2 + 0 - -1)*15/((-75)/80)?
14
Let x = -17058 + 17323. Calculate the remainder when x is divided by 75.
40
Let s(m) = -m**3 + 7*m**2 - 4*m + 6. Suppose 13*t + 0 = -0. Suppose t = -6*f + 93 + 105. Calculate the remainder when f is divided by s(6).
15
Let m = 919 - 422. Calculate the remainder when m is divided by 54.
11
Let a(p) = 22*p**2 - 2*p + 1. Let n = 5401 + -5362. Calculate the remainder when n is divided by a(1).
18
Let t(w) = -w**3 - 2*w**2 + 2*w - 3. Let q = 490 - 488. Suppose q*a - 14*r - 22 = -13*r, -3*r + 33 = 3*a. What is the remainder when t(-4) is divided by a?
10
Let p = -161 - -186. Let x = p + -22. What is the remainder when 93 is divided by x?
0
What is the remainder when 67 is divided by (224/(-20))/((-517)/55 - -9)?
11
Let t(o) = o**3 + 24*o**2 - o - 17. Suppose 0 = -2*w + 7 - 55. Let a be t(w). Suppose -a = -x + 18. What is the remainder when x is divided by 6?
1
Suppose -5*v = 4*g - 1041, g - 73 = v - 292. Ca